
False
Is 110711 a prime number?
True
Is 93317749 prime?
False
Is 29710511 prime?
True
Is 12424969 composite?
False
Is 4321349 a prime number?
False
Is 6499289 prime?
True
Is 17542697 a composite number?
False
Is 124560629 prime?
False
Is 161801 a prime number?
False
Is 40110437 a composite number?
False
Is 10440847 prime?
False
Is 43102841 a prime number?
True
Is 2357513 a prime number?
False
Is 3150551 prime?
False
Is 2147135 a composite number?
True
Is 19122022 prime?
False
Is 52969162 a composite number?
True
Is 181780037 a prime number?
False
Is 56489231 prime?
True
Is 83276185 a prime number?
False
Is 70016911 a composite number?
True
Is 4189789 a prime number?
False
Is 10353703 prime?
False
Is 21117505 a prime number?
False
Is 110901199 a composite number?
False
Is 267523681 prime?
True
Is 2190577 a composite number?
False
Is 58046473 composite?
False
Is 121007197 a composite number?
False
Is 9020603 a prime number?
False
Is 19446473 a composite number?
False
Is 15437 a composite number?
True
Is 73102 prime?
False
Is 42864109 prime?
True
Is 103668073 prime?
True
Is 11362849 prime?
True
Is 732169 a composite number?
False
Is 20216189 composite?
True
Is 30486073 a composite number?
False
Is 1509127 prime?
True
Is 745133 a composite number?
False
Is 7369693 a composite number?
False
Is 4792519 a composite number?
False
Is 129654253 prime?
False
Is 397870559 a prime number?
True
Is 284277863 prime?
True
Is 1062779 a prime number?
True
Is 15956393 composite?
False
Is 664023397 a prime number?
True
Is 39124487 prime?
True
Is 7427057 composite?
True
Is 4963289 composite?
True
Is 40308409 prime?
False
Is 1019951 a composite number?
True
Is 1842367 prime?
False
Is 4371287 composite?
True
Is 81121409 prime?
True
Is 1162529 prime?
True
Is 102357895 a prime number?
False
Is 2425613 prime?
True
Is 89368327 prime?
False
Is 53428201 prime?
True
Is 26281114 a prime number?
False
Is 317567 a composite number?
True
Is 149202757 a prime number?
False
Is 15559337 a prime number?
True
Is 40127887 a prime number?
True
Is 15931943 composite?
False
Is 3811501 prime?
True
Is 945601 a prime number?
True
Is 91858421 prime?
True
Is 555251 prime?
True
Is 37025611 a prime number?
False
Is 6222669 prime?
False
Is 4373095 a composite number?
True
Is 4454353 composite?
False
Is 11785747 a composite number?
False
Is 48459989 prime?
True
Is 29485133 a composite number?
False
Is 78207593 a composite number?
True
Is 8534329 a composite number?
False
Is 1444385 a prime number?
False
Is 211940137 a composite number?
False
Is 1442579 composite?
False
Is 11013391 a composite number?
False
Is 27919699 a composite number?
False
Is 8511011 composite?
False
Is 50929 composite?
False
Is 763457 a composite number?
False
Is 12779 prime?
False
Is 173055403 prime?
True
Is 17695189 composite?
True
Is 362087977 a composite number?
False
Is 888704357 a prime number?
True
Is 58788139 composite?
False
Is 27844867 prime?
True
Is 76647287 a prime number?
True
Is 167293601 composite?
False
Is 2848003 a composite number?
True
Is 11742647 a composite number?
True
Is 1823584157 a composite number?
False
Is 16036459 a composite number?
False
Is 81370273 prime?
True
Is 129209 composite?
False
Is 11590157 composite?
False
Is 26401061 composite?
False
Is 90385 a composite number?
True
Is 142290611 a prime number?
False
Is 17772199 a composite number?
True
Is 48423499 a prime number?
True
Is 27819707 a prime number?
True
Is 19658419 a composite number?
True
Is 1502623 a composite number?
True
Is 18911401 composite?
False
Is 44176929 composite?
True
Is 18394297 prime?
True
Is 8355379 a prime number?
True
Is 54351257 a composite number?
True
Is 1989677 a composite number?
True
Is 333280191 a prime number?
False
Is 459049 prime?
False
Is 11940301 a composite number?
True
Is 8967589 prime?
False
Is 1484573 a composite number?
False
Is 37207 a prime number?
False
Is 293982739 a prime number?
False
Is 100291759 composite?
False
Is 5162273 a composite number?
True
Is 14829973 a composite number?
False
Is 65260703 a prime number?
True
Is 14764201 a composite number?
False
Is 12158401 composite?
False
Is 33514595 prime?
False
Is 1063338531 composite?
True
Is 59039947 a prime number?
False
Is 725235037 a prime number?
False
Is 11442733 a composite number?
True
Is 921941 a composite number?
True
Is 6929059 composite?
True
Is 125951081 composite?
False
Is 21674669 composite?
True
Is 2627593 a prime number?
True
Is 6982897 prime?
False
Is 2188951 composite?
True
Is 231270491 a composite number?
True
Is 3422383 a prime number?
True
Is 916099 composite?
False
Is 5439911 composite?
True
Is 216569 composite?
False
Is 448570819 a composite number?
False
Is 409692781 a composite number?
True
Is 1537051 a composite number?
False
Is 2388769 composite?
False
Is 1506607 prime?
True
Is 241463 prime?
True
Is 2776217 a composite number?
False
Is 6041351 a prime number?
True
Is 375589 a prime number?
False
Is 732071 prime?
False
Is 48200653 prime?
True
Is 17691 composite?
True
Is 60006227 prime?
True
Is 356069081 composite?
False
Is 756893 composite?
True
Is 24821389 a composite number?
True
Is 174360961 prime?
True
Is 288889 composite?
True
Is 82907957 a prime number?
False
Is 22424531 prime?
False
Is 8422387 composite?
False
Is 396311 prime?
True
Is 3655273 a prime number?
False
Is 306011389 prime?
False
Is 59071 composite?
True
Is 35719573 a composite number?
False
Is 1352987 a composite number?
False
Is 254545783 a prime number?
True
Is 4572937 composite?
True
Is 8799335 a prime number?
False
Is 910849 a prime number?
True
Is 1282921 a prime number?
False
Is 29798239 composite?
True
Is 24921361 a prime number?
True
Is 419688263 composite?
False
Is 11688533 a prime number?
False
Is 53164537 a composite number?
False
Is 76223045 prime?
False
Is 3802021 composite?
True
Is 822119 composite?
True
Is 43222447 a prime number?
True
Is 12334991 a composite number?
False
Is 1465499 a prime number?
False
Is 15673759 prime?
False
Is 2359993 a composite number?
False
Is 756254 composite?
True
Is 2599907 a prime number?
True
Is 24619109 prime?
True
Is 4989697 prime?
True
Is 208497173 a prime number?
True
Is 1413001 composite?
False
Is 17155469 prime?
True
Is 96913805 composite?
True
Is 22740769 a composite number?
True
Is 3227911 a prime number?
True
Is 1796167 a prime number?
True
Is 41385299 a composite number?
False
Is 572520083 a prime number?
True
Is 10324439 prime?
False
Is 20712023 prime?
False
Is 321880687 prime?
True
Is 26409281 a prime number?
True
Is 1150987 prime?
True
Is 51950023 a prime number?
True
Is 280006849 a composite number?
True
Is 2244061 composite?
True
Is 89246539 a prime number?
True
Is 1587449 a composite number?
False
Is 8999023 a prime number?
False
Is 2435897 composite?
False
Is 427213 prime?
True
Is 122981 prime?
False
Is 474883 composite?
True
Is 22965511 a prime number?
True
Is 34077805 composite?
True
Is 210474763 composite?
False
Is 6873898 composite?
True
Is 15044531 prime?
True
Is 60343678 a composite number?
True
Is 34087699 a prime number?
True
Is 17124409 a prime number?
False
Is 1915895 a prime number?
False
Is 171497 a prime number?
False
Is 224314345 prime?
False
Is 31684573 prime?
False
Is 22673491 a composite number?
False
Is 5044571 a prime number?
False
Is 42944273 prime?
False
Is 501029 a composite number?
False
Is 185403923 a prime number?
True
Is 12040465 composite?
True
Is 4183679 prime?
False
Is 84266261 composite?
False
Is 20146681 a prime number?
True
Is 49676271 a composite number?
True
Is 107637799 a prime number?
True
Is 9161353 a prime number?
True
Is 1001191 a composite number?
False
Is 16767029 a composite number?
False
Is 1356587 a prime number?
False
Is 36560837 a composite number?
False
Is 5471387 a composite number?
False
Is 35190523 prime?
False
Is 262550777 composite?
False
Is 6970543 prime?
True
Is 7383709 a prime number?
True
Is 61229977 a composite number?
True
Is 30670859 a composite number?
False
Is 32496901 prime?
True
Is 386569 prime?
True
Is 18122021 a composite number?
False
Is 4102687 a prime number?
True
Is 5175017 a composite number?
True
Is 609805153 composite?
False
Is 17387809 prime?
True
Is 564191 a prime number?
True
Is 1547989 a prime number?
True
Is